or of 1200819048?
False
Is 1411863 a multiple of 2?
False
Does 415 divide 28801177?
False
Does 4 divide 748056?
True
Does 138 divide 71579358?
True
Is 55 a factor of 317521830?
False
Does 89 divide 880123?
False
Is 27225 a multiple of 15?
True
Is 268303841 a multiple of 14?
False
Is 23 a factor of 12775304?
True
Does 4926 divide 268008882?
True
Is 226 a factor of 141110728?
False
Is 241 a factor of 4619846?
False
Is 34096620 a multiple of 678?
True
Does 408 divide 1604358?
False
Does 12 divide 144832572?
True
Is 281 a factor of 22116191?
False
Does 39 divide 7339839?
True
Is 124 a factor of 5993088?
False
Is 14 a factor of 291388258?
True
Is 18 a factor of 28013886?
True
Does 91 divide 621570251?
False
Is 10346885 a multiple of 368?
False
Does 19 divide 10005573?
False
Does 8 divide 11354800?
True
Is 169861177 a multiple of 92?
False
Does 3485 divide 94506230?
True
Is 1961911 a multiple of 7?
True
Is 43 a factor of 31938967?
False
Is 11180 a factor of 297932376?
False
Is 19017360 a multiple of 6?
True
Does 1173 divide 1476504956?
False
Does 1576 divide 5009494088?
True
Does 1601 divide 1844982794?
True
Is 18 a factor of 31542714?
True
Does 33 divide 5223043288?
False
Does 124 divide 19710866?
False
Is 142 a factor of 200931704?
True
Is 80743648 a multiple of 505?
False
Is 39 a factor of 1399116264?
True
Is 64 a factor of 242230225?
False
Is 315173560 a multiple of 164?
True
Is 187853566 a multiple of 163?
False
Does 9398 divide 102943846?
False
Is 3001 a factor of 550494437?
True
Does 222 divide 429073164?
True
Is 12580816 a multiple of 3?
False
Is 2496 a factor of 235974336?
True
Is 8807813 a multiple of 314?
False
Is 25 a factor of 104018225?
True
Is 110 a factor of 109154853?
False
Is 35 a factor of 205598317?
False
Does 12 divide 1843176144?
True
Does 59 divide 104192643?
True
Is 1992412617 a multiple of 68?
False
Is 334 a factor of 134153104?
True
Does 1100 divide 132879691?
False
Does 166 divide 19202382?
True
Does 413 divide 556724?
True
Is 46 a factor of 27211024?
True
Is 16940840 a multiple of 680?
True
Is 1415 a factor of 17020777?
False
Is 56212518 a multiple of 51?
False
Is 38 a factor of 7453791?
False
Is 128099400 a multiple of 286?
True
Does 1715 divide 2847135732?
False
Does 5957 divide 4737083841?
True
Is 306280315 a multiple of 1182?
False
Is 42 a factor of 6472595654?
False
Is 1015875 a multiple of 9?
True
Is 122 a factor of 10424952?
False
Does 82 divide 62299090?
True
Is 4 a factor of 7230500?
True
Is 5659036 a multiple of 38?
True
Is 48451840 a multiple of 20?
True
Is 11814514 a multiple of 59?
True
Is 3929441328 a multiple of 27?
True
Is 199070329 even?
False
Does 3055 divide 35692518?
False
Is 14 a factor of 17235287?
False
Is 31 a factor of 683302?
True
Does 1783 divide 1445339026?
True
Does 84 divide 642222672?
True
Is 1862 a factor of 1180973500?
True
Is 521 a factor of 113024452?
False
Is 225655820 a multiple of 403?
True
Is 29161032 a multiple of 148?
True
Is 218 a factor of 315812894?
True
Does 56 divide 66791205?
False
Does 131 divide 255088702?
True
Is 1128 a factor of 111625752?
True
Is 5 a factor of 767500105?
True
Is 860 a factor of 227914620?
True
Does 1170 divide 1522943370?
True
Is 444024060 a multiple of 3740?
False
Is 11 a factor of 622093955?
False
Is 7 a factor of 3504472626?
False
Is 67 a factor of 15485649?
False
Is 19 a factor of 496822414?
False
Is 145 a factor of 22300167?
False
Is 3040 a factor of 1279152960?
True
Does 13 divide 95607925?
False
Is 68 a factor of 414290331?
False
Is 6 a factor of 614648298?
True
Is 1566 a factor of 10667240?
False
Is 17 a factor of 53506788?
False
Does 2791 divide 305410757?
True
Is 853 a factor of 19017954?
False
Is 8291110 a multiple of 1141?
False
Is 584 a factor of 54819358?
False
Is 2024880963 a multiple of 21?
True
Is 12 a factor of 3436260?
True
Does 85 divide 117247246?
False
Is 62086584 a multiple of 42?
True
Does 1540 divide 12160072?
False
Is 408760 a multiple of 440?
True
Is 18086825 a multiple of 273?
False
Does 49 divide 2706831197?
True
Does 14 divide 631220004?
False
Is 514 a factor of 26890437?
False
Does 182 divide 9230406?
False
Is 81 a factor of 15300009?
True
Is 204695449 a multiple of 529?
False
Is 2358 a factor of 1246431726?
True
Is 5 a factor of 184699380?
True
Does 3783 divide 1741798992?
False
Is 38642548 a multiple of 3258?
False
Is 34013224 a multiple of 14?
True
Is 1804 a factor of 289949820?
False
Is 24865589 a multiple of 39?
False
Does 21 divide 29804229?
True
Is 102 a factor of 1174381276?
False
Is 19666528 a multiple of 57?
False
Is 344111359 a multiple of 119?
False
Is 80873793 a multiple of 578?
False
Is 15638271 a multiple of 7?
False
Does 45 divide 117734175?
True
Is 522 a factor of 8599425?
False
Is 4 a factor of 962176593?
False
Does 155 divide 26751140?
True
Is 485873174 even?
True
Is 5 a factor of 60224129?
False
Is 2024831370 a multiple of 281?
False
Does 265 divide 102533270?
True
Is 12 a factor of 11737333?
False
Is 3300727005 a multiple of 144?
False
Does 430 divide 929516380?
True
Is 178492688 a multiple of 505?
False
Is 44 a factor of 5509373?
False
Is 595 a factor of 6111323?
False
Is 1830900300 a multiple of 372?
True
Does 28 divide 301842752?
False
Does 1209 divide 364653744?
True
Is 35497025 a multiple of 1942?
False
Is 24759135 a multiple of 1847?
False
Is 12 a factor of 48686934?
False
Is 29 a factor of 54737355?
True
Does 27 divide 413947476?
True
Is 14 a factor of 12568796?
False
Is 131232240 a multiple of 48?
True
Is 5 a factor of 93757500?
True
Does 7 divide 2711798808?
False
Is 20 a factor of 22034960?
True
Does 70 divide 1965810?
True
Is 287199438 a multiple of 15?
False
Is 912 a factor of 2564821248?
True
Is 11 a factor of 1523604?
False
Is 3111398 a multiple of 438?
False
Does 17 divide 50780224?
True
Is 119 a factor of 193416531?
True
Does 34 divide 20270199?
False
Is 2286 a factor of 1435678866?
True
Is 8473512 a multiple of 235?
False
Is 374 a factor of 557354372?
False
Does 16 divide 46750322?
False
Is 1304173472 a multiple of 4487?
True
Does 244 divide 14526052?
True
Is 267 a factor of 28877652?
True
Is 1355397264 a multiple of 1572?
True
Is 62510955 a multiple of 351?
False
Is 148 a factor of 961633614?
False
Is 683 a factor of 44216054?
True
Does 1281 divide 396850968?
False
Is 1219013775 a multiple of 61?
False
Is 75 a factor of 22996950?
True
Is 265 a factor of 978686210?
False
Is 58165416 a multiple of 1044?
True
Is 5 a factor of 1486827?
False
Is 68 a factor of 29399246?
False
Is 159539296 a multiple of 49?
True
Is 729618142 a multiple of 106?
False
Does 9 divide 7777836?
True
Does 238 divide 226976404?
False
Is 1613 a factor of 21338377?
True
Does 11 divide 39710242?
True
Is 6 a factor of 6929982?
True
Is 77533056 a multiple of 1819?
True
Does 1438 divide 28535437?
False
Is 249 a factor of 711790180?
False
Is 527740836 a multiple of 4179?
True
Is 13994485 a multiple of 31?
True
Is 371786500 a multiple of 36?
False
Is 509 a factor of 39879696?
False
Is 265 a factor of 46236670?
True
Is 2290 a factor of 99211960?
True
Does 100 divide 4079275900?
True
Is 2130 a factor of 333920100?
True
Does 515 divide 170630830?
True
Is 14858997 a multiple of 1729?
False
Is 28467672 a multiple of 62?
True
Is 295975158 a multiple of 4?
False
Does 4 divide 169147735?
False
Does 86 divide 47511655?
False
Is 1906752588 a multiple of 23?
False
Is 109 a factor of 1456154?
False
Is 118833778 a multiple of 23?
True
Is 119714155 a multiple of 555?
False
Is 30 a factor of 189968370?
True
Does 5156 divide 89931866?
False
Is 135220719 a multiple of 218?
False
Is 893484464 a multiple of 328?
True
Does 709 divide 2463492818?
True
Does 187 divide 24652916?
False
Is 9181963 a multiple of 419?
False
Does 1120 divide 98228480?
True
Is 13 a factor of 3911908?
True
Is 2700774 a multiple of 19?
True
Does 2385 divide 1323986835?
False
Is 248446341 a multiple of 39?
True
Is 10293993 a multiple of 2022?
False
Is 442038073 a multiple of 52?
False
Is 3370750 a multiple of 139?
True
Does 29 divide 11860716?
False
Is 56342124 a multiple of 11?
False
Is 64853450 a multiple of 15?
False
Is 72708059 a multiple of 5?
False
Is 850049235 a multiple of 2403?
True
Does 20 divide 39333400?
True
Is 3 a factor of 2352588?
True
Is 122397996 a 